se 0 = 15*g + g + 24608. What is the tens digit of (-2 - -1)*(g - (-6)/1)?
3
Let t(b) = b**2 + 9. Let s be t(0). Suppose -s*d + 658 = -764. What is the hundreds digit of d?
1
Let u be (-2)/(-4)*(55 + 1)/4. Suppose 6*g - 481 = -u*g. Suppose v - g = 111. What is the tens digit of v?
4
Let q = 172 + -169. Suppose -b + 206 = q*d, -4*b - 534 + 1298 = -3*d. What is the units digit of b?
4
Suppose -3*h + 4*h + 1606 = -4*r, 0 = h - 3*r + 1634. Let z = -1116 - h. What is the tens digit of z?
0
Let f = 134 + -134. Suppose f = -2*a - 51 + 743. What is the units digit of a?
6
Let q(b) = b**3 + 6*b**2 + 6*b - 8. Suppose 0*r = r - 3*u - 3, -2*u + 6 = -2*r. Let w be q(r). Let o = 2 - w. What is the tens digit of o?
4
Let x be (-1132)/((-10)/(-2) - 4). What is the tens digit of (44 - 37)*x/(-14)?
6
Let u(t) = 65313*t - 1334. What is the hundreds digit of u(1)?
9
Suppose -2*f = -b - 20592, f + b = 4011 + 6282. What is the tens digit of f?
9
Let b(k) = -5*k**3 + 444*k**2 + 108*k - 70. What is the thousands digit of b(89)?
1
Let o(h) = -h**2 + 3*h - 2. Let x be o(2). Suppose 0 = -x*f + f + 3*s, f + 5*s = 4. Let z(y) = -10*y + 7. What is the units digit of z(f)?
7
Let g(d) = 2*d**2 - 104*d + 1838. What is the tens digit of g(66)?
8
Let a(n) = -3*n**3 - 62*n**2 - 6*n + 539. What is the hundreds digit of a(-28)?
9
What is the units digit of ((-671235)/292)/(1/(-4))?
5
Let m(h) = h + 3. Let x be m(2). Suppose -891 = -x*l - 16. What is the tens digit of l?
7
Let f = -6004 - -27417. What is the tens digit of f?
1
Let i = 3782 + 11775. What is the thousands digit of i?
5
Suppose 0 = 10*u - 3*u + 1533. Let d = u + 658. What is the hundreds digit of d?
4
Let t(a) = -a - 10. Let d(h) = 2*h + 11. Let g(p) = 4*d(p) + 5*t(p). Let m be g(4). What is the tens digit of (m/5)/(7/70)?
1
Suppose -17 = 5*j - 5*l - 62, -5*j - 2*l = -73. Let r = 21 - j. Suppose -r = -y + 19. What is the units digit of y?
7
Let r(f) = 5*f**2 - 12 + 5*f + 75*f**3 - 10*f**2 + 31*f**3 + 5*f. What is the hundreds digit of r(2)?
8
Suppose 3*x = 4*f + 121, -3*f + x - 154 = 2*f. Let a = 33 + f. What is the tens digit of (-9 + 12)*(214/3)/a?
0
Let v = 325 + -323. Let s(h) = 44*h + 2. Let l(u) = -u - 1. Let j(n) = 4*l(n) + s(n). What is the units digit of j(v)?
8
Let k(b) = b + 15. Let p(c) = c**3 - c**2 + 2*c - 13. Let h be p(0). Let t be k(h). What is the units digit of (3/3)/(t/198)?
9
Let d = 147903 + -88301. What is the ten thousands digit of d?
5
Let m(x) = -2*x**3 - 7*x**2 - 5*x - 10. Let l be m(7). Let i = l + 1606. What is the hundreds digit of i?
5
What is the hundreds digit of (-36)/(-162)*81 + 10783?
8
Suppose 4*z - 359 = -5*w + 234, 5*w = z - 167. Let b = 1751 + -1693. Let v = z - b. What is the tens digit of v?
9
Let v(f) = f**2 - 3*f - 1. Suppose -2*u = 4*s - 24, -4*s + 0 = -16. Let d be v(u). What is the hundreds digit of 302/(1 - (-3 - 0)/d)?
1
Let b be (1068/(-8))/((-9)/24). Suppose 2*n - 663 = -h, -b - 637 = -3*n - h. Suppose -w = g - 75, 5*w - 5*g + g = n. What is the tens digit of w?
7
Let w(y) = 43*y**3 - 16*y**2 + 51*y + 8. What is the thousands digit of w(3)?
1
Suppose 0 = -4*a + 3*g + 32, 2*a + 2 = 4*a + 2*g. Suppose a*v - 3*i - 700 = 0, -5*i + 7*i - 140 = -v. What is the hundreds digit of v?
1
Suppose -m = -z + 387, -325 = -z + 2*m + 67. What is the tens digit of z + (0 - (1 + 0 + -3))?
8
Let i = -42 - -44. Suppose -a + i*k - 15 = 0, 2*a + 5*k + 7 = -14. Let m = a - -46. What is the tens digit of m?
3
Let q = -57224 - -111950. What is the tens digit of q?
2
Let u = -17892 - -36432. What is the units digit of u?
0
Let r be -24 - -21 - 2/((-2)/93). What is the hundreds digit of (-1 - (-14)/18) + 11450/r?
1
Let j be (-464)/(-72) + (-4)/9. Suppose -5*c + j*n = n - 2250, c - 453 = -2*n. What is the tens digit of c?
5
Let z(h) = h**3 - 6*h**2 + 12*h - 9. Let d be z(3). Suppose -2*s - 2566 = -4*k, -3*k - 7*s + 2*s + 1892 = d. What is the units digit of k?
9
Let c(l) = 17*l**3 - 7*l**2 - 10*l - 6. Let q be c(6). What is the units digit of q/6 - (-3)/(-1)?
6
Let z = -271 + 271. Suppose z = -215*o + 211*o + 1692. What is the hundreds digit of o?
4
Let o be -1*((-1250)/(-10) - 8). Suppose 4*k + k = 0. What is the tens digit of (k - o - (4 + -2)) + 3?
1
Let m = -16959 - -24709. What is the units digit of m?
0
Suppose -3*k + 4 = 3*f + 2*k, 3*f - 5*k - 14 = 0. Suppose f*l = 443 + 202. What is the units digit of l?
5
Suppose 2*d - 6*f = 11528, -3026 = -d - 5*f + 2770. What is the tens digit of d?
7
Let k(x) = -x**3 + 10*x**2 + 2*x + 19. Let u be k(10). Suppose -u*f = -37*f - 1078. What is the tens digit of f?
3
Let y(z) be the third derivative of z**6/120 + z**5/10 - z**4/24 - 5*z**3/6 + 16*z**2. Let g be y(-7). Let h = 68 + g. What is the tens digit of h?
2
Suppose -6*l + 40 = -2*l. Let f(k) = k + 3. Let c be f(l). Let h = c + 32. What is the units digit of h?
5
What is the units digit of (3/4 - 0)/((-27)/(-5908896)*28)?
2
Let p = 236 - 250. Let g = 89 - p. What is the units digit of g?
3
Let q be (-21888)/60 - (3/(-15))/(-1). Let h be (-4 + -1)*2/2. What is the hundreds digit of (6/h)/(2/q)?
2
Let n(q) = -q + 55. Let w be n(7). Let k = w + 88. What is the tens digit of k?
3
Let z(q) be the first derivative of q**3 - 33*q**2/2 + 49*q + 10. What is the units digit of z(24)?
5
Let g = -124 - -128. Suppose -g*n + 184 = y, 17*n = -4*y + 22*n + 631. What is the tens digit of y?
6
Let g = 189 - 187. Let o(j) = 113*j**3 - 3*j**2 + 7*j - 12. What is the units digit of o(g)?
4
Suppose 50*n - 49*n - 8496 = 857. What is the tens digit of n?
5
Suppose -5*t + 38205 = -4*z, 30 = 5*z + 5. What is the tens digit of t?
4
Suppose -2*h = 5*d - 0*d + 15, 18 = -h + d. Let g(s) = s**2 + 13*s - 28. Let p be g(h). Suppose -936 = -p*m - 320. What is the units digit of m?
8
Let s be -3*3*7/(168/(-2368)). Let z = s - 524. What is the units digit of z?
4
Suppose 0 = 6*i - 4*i - 3*p - 30, -p = -5*i + 88. Let y(o) be the second derivative of o**4/12 - 17*o**3/6 - o**2/2 - 4*o. What is the units digit of y(i)?
7
Let f = -273 + 456. Let z = f + -350. What is the tens digit of 3/((-6)/z) + (-2)/(-4)?
8
Let k(j) be the first derivative of j**4/4 - 2*j**3 - 11*j**2/2 + 48*j - 182. What is the tens digit of k(11)?
3
Suppose -3*n - 42288 = -z, -z - 4*n + 42308 = -3*n. What is the tens digit of 8/(-92) + z/69?
1
Let w(t) = -1415*t - 2768. What is the hundreds digit of w(-9)?
9
Let i(k) = k**2 + 2*k + 1. Let d be i(-1). Suppose 3*b - 910 = -5*w - 2*b, d = 2*b + 10. Let j = w - 91. What is the tens digit of j?
9
Let c be -7 + (50/5 - 5). Let x be (-9)/(-18)*(22 - c). Suppose 3*m = x, 5*k = 6*k - 3*m - 174. What is the tens digit of k?
8
Let r = 5472 - -22810. What is the hundreds digit of r?
2
Suppose 3161889 = 201*f - 398335 - 1558241. What is the thousands digit of f?
5
Let a(c) = 58*c + 3. Suppose -22 = -2*n - 5*v, -2*n - 4*v + 21 = 3*n. Let u be a(n). Suppose t - 85 - u = 0. What is the hundreds digit of t?
1
Let o be -508*12/(-3) + 4/(-1). Suppose -4*s + 342 + 1270 = -q, 2*q - o = -5*s. What is the tens digit of s?
0
Let d(k) = 47*k - 30*k - 27*k + 2*k**2 + 0*k**2 - 1. Suppose -h + 2*h = 8. What is the tens digit of d(h)?
4
Let g(v) be the third derivative of 0 + 5/24*v**4 - 5/6*v**3 + 1/15*v**5 + 0*v + 11*v**2. What is the tens digit of g(3)?
4
Suppose 9*l - b + 7261 = 10*l, 8 = 2*b. What is the hundreds digit of l?
2
Suppose 2*i + 4*n - 17286 - 6544 = 0, -3*n + 23829 = 2*i. What is the hundreds digit of i?
9
Let o = -9943 - -10871. What is the units digit of o?
8
Let p(z) be the second derivative of -11/6*z**3 - 28*z + 21*z**2 + 0. What is the hundreds digit of p(-16)?
2
Suppose -4*r - 11*k = -12*k - 33661, 0 = 4*r + 3*k - 33673. What is the hundreds digit of r?
4
Suppose 2*i - 5*i + 294 = 0. Let y be (2 - (-60)/(-24))*68. Let n = y + i. What is the units digit of n?
4
Suppose 3*f - 6*f + 14 = -4*x, 3*x + 17 = -f. What is the hundreds digit of (-28548)/(-84) + x/(-35)?
3
Suppose 0 = -15*s - 0*s + 356861 + 16039. What is the hundreds digit of s?
8
Let b = 530 + -548. What is the tens digit of 37 - ((-10)/4 + b/12)?
4
Let j be (-10)/((-4)/2 + 1). Let z(q) = 30*q + 30*q + 1 + q**2 - 62*q. What is the tens digit of z(j)?
8
Let u(p) = -3*p**3 - 60*p**2 - 35*p - 48. Let q be u(-24). Suppose -q = -224*t + 212*t. What is the tens dig